s the hundred thousands digit of 1347435?
3
What is the units digit of 6660909?
9
What is the hundreds digit of 840261?
2
What is the tens digit of 10918091?
9
What is the hundred thousands digit of 119840?
1
What is the thousands digit of 999089?
9
What is the ten thousands digit of 641115?
4
What is the thousands digit of 278150?
8
What is the tens digit of 195274?
7
What is the hundred thousands digit of 16328117?
3
What is the ten thousands digit of 124680?
2
What is the tens digit of 5551823?
2
What is the units digit of 24157134?
4
What is the hundred thousands digit of 998450?
9
What is the thousands digit of 512646?
2
What is the ten thousands digit of 7406564?
0
What is the hundred thousands digit of 821082?
8
What is the units digit of 890413?
3
What is the hundreds digit of 1339?
3
What is the hundred thousands digit of 646997?
6
What is the tens digit of 152049?
4
What is the hundreds digit of 673401?
4
What is the tens digit of 1177166?
6
What is the units digit of 969406?
6
What is the tens digit of 598034?
3
What is the hundred thousands digit of 119616?
1
What is the millions digit of 10922033?
0
What is the hundreds digit of 3415234?
2
What is the thousands digit of 3047764?
7
What is the tens digit of 1027153?
5
What is the hundred thousands digit of 2587686?
5
What is the tens digit of 1004245?
4
What is the tens digit of 4251553?
5
What is the thousands digit of 557550?
7
What is the ten thousands digit of 645004?
4
What is the ten thousands digit of 5757881?
5
What is the hundreds digit of 281935?
9
What is the thousands digit of 2104583?
4
What is the thousands digit of 1127012?
7
What is the units digit of 4721383?
3
What is the units digit of 2267677?
7
What is the tens digit of 12183592?
9
What is the units digit of 883613?
3
What is the thousands digit of 7311421?
1
What is the tens digit of 8297121?
2
What is the thousands digit of 6162401?
2
What is the millions digit of 1563283?
1
What is the units digit of 54331?
1
What is the millions digit of 3683048?
3
What is the thousands digit of 23313495?
3
What is the units digit of 21080527?
7
What is the thousands digit of 1497459?
7
What is the hundred thousands digit of 621889?
6
What is the hundred thousands digit of 3038014?
0
What is the hundreds digit of 5094350?
3
What is the thousands digit of 2744825?
4
What is the hundred thousands digit of 207659?
2
What is the tens digit of 13329802?
0
What is the tens digit of 1181992?
9
What is the millions digit of 4105400?
4
What is the units digit of 91774?
4
What is the millions digit of 8200236?
8
What is the ten thousands digit of 471036?
7
What is the thousands digit of 777470?
7
What is the thousands digit of 7906836?
6
What is the units digit of 10002560?
0
What is the thousands digit of 1483801?
3
What is the tens digit of 316636?
3
What is the units digit of 306190?
0
What is the tens digit of 166386?
8
What is the thousands digit of 1949524?
9
What is the ten millions digit of 17862042?
1
What is the units digit of 97028?
8
What is the thousands digit of 2105662?
5
What is the ten thousands digit of 701453?
0
What is the thousands digit of 100939?
0
What is the units digit of 152950?
0
What is the millions digit of 1337806?
1
What is the tens digit of 754115?
1
What is the hundred thousands digit of 276965?
2
What is the hundreds digit of 369220?
2
What is the units digit of 829177?
7
What is the thousands digit of 3553606?
3
What is the millions digit of 10021025?
0
What is the millions digit of 1015089?
1
What is the ten thousands digit of 2189185?
8
What is the hundreds digit of 213344?
3
What is the hundreds digit of 6464068?
0
What is the thousands digit of 289375?
9
What is the hundred thousands digit of 146110?
1
What is the hundred thousands digit of 5145552?
1
What is the thousands digit of 115186?
5
What is the hundreds digit of 5616012?
0
What is the hundreds digit of 217492?
4
What is the hundreds digit of 164814?
8
What is the hundreds digit of 450194?
1
What is the thousands digit of 993876?
3
What is the units digit of 445333?
3
What is the tens digit of 5314815?
1
What is the tens digit of 2165202?
0
What is the thousands digit of 103194?
3
What is the millions digit of 5046668?
5
What is the hundred thousands digit of 6982495?
9
What is the ten thousands digit of 3264125?
6
What is the hundreds digit of 231003?
0
What is the hundreds digit of 1001442?
4
What is the hundred thousands digit of 1131662?
1
What is the thousands digit of 7620249?
0
What is the hundreds digit of 451831?
8
What is the units digit of 834664?
4
What is the ten thousands digit of 63618?
6
What is the millions digit of 1596265?
1
What is the millions digit of 7855503?
7
What is the tens digit of 2409511?
1
What is the ten thousands digit of 1554627?
5
What is the hundreds digit of 486145?
1
What is the units digit of 19704130?
0
What is the thousands digit of 364038?
4
What is the hundreds digit of 1165595?
5
What is the tens digit of 140458?
5
What is the thousands digit of 1331246?
1
What is the hundreds digit of 134367?
3
What is the units digit of 2793580?
0
What is the hundreds digit of 3365037?
0
What is the hundreds digit of 371390?
3
What is the hundred thousands digit of 17238804?
2
What is the units digit of 657597?
7
What is the ten thousands digit of 2113796?
1
What is the hundreds digit of 3543051?
0
What is the tens digit of 156714?
1
What is the tens digit of 210668?
6
What is the ten millions digit of 12640005?
1
What is the units digit of 1803350?
0
What is the tens digit of 26493963?
6
What is the hundred thousands digit of 21408277?
4
What is the hundreds digit of 1771930?
9
What is the thousands digit of 236054?
6
What is the tens digit of 5903593?
9
What is the ten thousands digit of 8391723?
9
What is the thousands digit of 2574053?
4
What is the hundreds digit of 3170555?
5
What is the millions digit of 3406138?
3
What is the hundred thousands digit of 2372966?
3
What is the ten thousands digit of 153853?
5
What is the units digit of 1066900?
0
What is the thousands digit of 820317?
0
What is the thousands digit of 5831202?
1
What is the units digit of 253127?
7
What is the hundreds digit of 85880?
8
What is the thousands digit of 2765497?
5
What is the hundred thousands digit of 1270074?
2
What is the hundreds digit of 1091818?
8
What is the hundreds digit of 196908?
9
What is the hundreds digit of 1989516?
5
What is the hundreds digit of 266725?
7
What is the hundred thousands digit of 10231657?
2
What is the units digit of 1106855?
5
What is the ten thousands digit of 9298632?
9
What is the hundreds digit of 191963?
9
What is the hundred thousands digit of 11714028?
7
What is the hundreds digit of 1970513?
5
What is the hundreds digit of 20003366?
3
What is the hundreds digit of 1215071?
0
What is the hundreds digit of 9187985?
9
What is the ten millions digit of 11359594?
1
What is the millions digit of 4789011?
4
What is the ten thousands digit of 3838223?
3
What is the tens digit of 1155311?
1
What is the units digit of 96542?
2
What is the tens digit of 94169?
6
What is the millions digit of 7369799?
7
What is the hundreds digit of 1113115?
1
What is the thousands digit of 659019?
9
What is the hundred thousands digit of 11334173?
3
What is the tens digit of 205494?
9
What is the ten thousands digit of 357955?
5
What is the tens digit of 18140527?
2
What is the hundred thousands digit of 4599810?
5
What is the tens digit of 71688?
8
What is the thousands digit of 101697?
1
What is the tens digit of 159458?
5
What is the hundreds digit of 2628?
6
What is the thousands digit of 270345?
0
What is the hundred thousands digit of 228436?
2
What is the hundreds digit of 2334991?
9
What is the ten thousands digit of 502380?
0
What is the units digit of 23880838?
8
What is the hundred thousands digit of 219212?
2
What is the units digit of 197016?
6
What is the hundred thousands digit of 156614?
1
What is the tens digit of 309536?
3
What is the tens digit of 4150121?
2
What is the ten thousands digit of 51980?
5
What is the hundreds digit of 187876?
8
What is the tens digit of 10288183?
8
What is the hundred thousands digit of 2228629?
2
What is the hundreds digit of 663274?
2
What is the hundred 